
Let s = 1 - -1. Let y = s - 1. Suppose -5*u + 9 = -y. What is the units digit of u?
2
Let h = -25 - -38. What is the units digit of h?
3
Let u(y) = -2*y + 3. Suppose -10 = 2*t + 2. What is the tens digit of u(t)?
1
Let b(p) be the third derivative of p**5/60 - p**4/24 + 17*p**3/6 + 4*p**2. What is the tens digit of b(0)?
1
Suppose -4*y - 5*r = -115, -2*r = r + 15. What is the units digit of y?
5
Let z(b) = b**2 - 6*b + 6. Let l(w) = 3*w - 2. Let q be l(2). Let v be z(q). What is the units digit of (v/1)/4*-10?
5
Let t(g) = -27*g**3 - g. Let p be t(-1). Suppose -5*c + p = -4*c. What is the tens digit of c?
2
Suppose -2*d - 2 = 2. Let y be (d - (-4)/5)*-5. Suppose -y*t + 18 = -3*t. What is the units digit of t?
6
Suppose 0*c = -3*c + 6. Suppose -6*x + c*y + 55 = -3*x, y = -4*x + 55. What is the tens digit of x?
1
Suppose 0 = -4*z + 3*z + 89. Suppose -5*o + 239 - z = 0. Suppose 0 = 5*v - 0*v - o. What is the units digit of v?
6
Let u(w) = -8*w + 1. Let r(y) = 7*y - 2. Let n(c) = 5*r(c) + 4*u(c). Let o be n(5). Let f = 15 - o. What is the units digit of f?
6
Suppose 4*f - q = 3*f + 4, 11 = 3*f - 2*q. Suppose -2*a + 62 = -3*s, -2*s = -f*s - 2. Let z = a + -12. What is the tens digit of z?
1
Suppose 3*a + 1 = -k, a + 4 = 5*k - 7. Let t = -6 - -12. Suppose o = 2*x - 7, -k*x + 28 = 4*o + t. What is the units digit of x?
5
Let m = 21 + -13. Suppose -7*z + m*z = 16. Let r = -11 + z. What is the units digit of r?
5
Let i be 3/2*8/4. Suppose -4*x + 8 = -i*x. What is the units digit of x?
8
Suppose -3*h + 5 = 2*h. Suppose -2*z + 9 = -h. Let p = z + -3. What is the units digit of p?
2
Let v(d) = -3*d + 0 - 4 - 3 + 4. What is the tens digit of v(-11)?
3
Suppose 92 - 275 = -3*a. What is the units digit of a?
1
Let m(o) = 0*o**2 + 1 - 5*o - 5*o**2 + 3*o**2. Let k be m(-4). Let b = k - -17. What is the units digit of b?
6
Suppose -2*r + 0*r = 0. What is the units digit of r/(5 + -1) - -8?
8
Let c(m) = 17*m**3 - m**2 + 1. Let w(f) = 3*f - 10. Let q be w(7). Let u(o) = o - 10. Let p be u(q). What is the units digit of c(p)?
7
Let o(k) = -11*k - 18. What is the units digit of o(-16)?
8
Let v(z) = z**3 + 8*z**2 - 6*z + 7. Let d be v(-9). Let c = -10 - d. What is the units digit of c?
0
Let v be (-10 + 4)*3/(-6). Suppose 27 = v*c - 105. What is the units digit of c?
4
Suppose 2*f - 336 = 188. What is the units digit of f?
2
Suppose -1 = -0*h + h - 2*p, -5*p = -10. Suppose 0 = 4*x - 53 - h. What is the tens digit of x?
1
Suppose -3*n = 5*c - 15, 4*n - 2*c + 3 = -3. Suppose 0 = -n*j + j - 4. What is the units digit of j?
4
Suppose -f - 5*l + 238 = 3*f, 52 = f + 5*l. What is the tens digit of f?
6
Let d(t) = t + 3. Let f(c) = 5*c - 1. Let s be f(1). What is the units digit of d(s)?
7
Suppose -3*y = -4*w + 5*w + 59, 4*w - 2*y + 250 = 0. Let n be (w/4)/(-1)*-2. Let c = n - -43. What is the units digit of c?
2
What is the units digit of (364/(-35))/(2/(-5))?
6
Suppose -31 - 5 = -6*q. What is the tens digit of (-1 + 23)*q/6?
2
Let o(f) = 26*f + 18. What is the tens digit of o(6)?
7
Let s(c) = 0*c**2 - 10 + 14 - 9 + c**2 + 3*c. Let m = 8 + -13. What is the units digit of s(m)?
5
What is the units digit of (-282)/(-54) + (-4)/18?
5
Let u = -7 - -81. What is the units digit of u?
4
Let x(n) be the first derivative of n**2/2 - n - 4. Let y be x(6). Suppose -y*r + 31 = -9. What is the units digit of r?
8
Let g(s) = -16*s - 12. What is the units digit of g(-6)?
4
Let g(k) = -k**2 - 5*k - 4. Let t be g(-5). Let n be (1 - -1) + t + 6. Suppose -j - 2 - 2 = n*l, -5*j = 4*l - 12. What is the units digit of j?
4
Let z(i) = 4*i**3 - 2*i**2 - 3*i + 2. Let u = -4 + 6. Let d be z(u). What is the tens digit of ((-3)/3)/((-2)/d)?
1
Let y = 10 + -8. Suppose -y*j + j = -9. What is the units digit of j?
9
Suppose m = -m - 4. Let f = 1 - m. Suppose 3*a = 4*y + 2*a - 8, f*y + 2*a - 17 = 0. What is the units digit of y?
3
Let b = -50 + 22. Let r = b - -48. What is the units digit of r?
0
Let z = 112 - -48. Suppose 5*a - z = -0*a. What is the units digit of (-2)/6 + a/6?
5
Suppose 3 = -3*a + 12. Suppose -a*g = g - 16. Let z = -2 + g. What is the units digit of z?
2
Suppose 3*y - 2*l - 23 = 0, -4*y + 5*l + 0*l = -40. Suppose 0 = -y*x + 46 + 4. What is the units digit of x?
0
Let m be -2 + -33*(-3)/3. Suppose -17 = -3*r + m. What is the tens digit of r?
1
Suppose -8 = -l + q + 10, 0 = -l - q + 20. What is the tens digit of l?
1
Let b(i) be the first derivative of -i**3/3 - 5*i**2/2 + i + 1. Let a be 12/4*2/(-2). What is the units digit of b(a)?
7
Let k(r) = -r**2 + 5*r + 4*r + r - 3. What is the units digit of k(7)?
8
Suppose 3*y + 148 = 4*i - 188, 4*i - 4*y - 336 = 0. What is the units digit of i?
4
What is the units digit of (-44)/((3 - 4)*2)?
2
Suppose 6 + 129 = 3*a. Let t = a + -30. What is the units digit of t?
5
Let q(a) = -8*a. Suppose -r - y + 10 = -4*r, -4*r - 5*y = 26. What is the units digit of q(r)?
2
Let d(k) = k + 5. Let c be d(4). Let a = -4 + c. What is the units digit of a?
5
Let k(x) = x**3 + x**2 - x + 4. Let m be k(-4). Let q = m + 56. What is the units digit of q?
6
Suppose 0 = -0*g - 2*g. What is the units digit of (-2 - (3 - 30)) + g?
5
Let c(m) = m**3 - 6*m**2 + 2*m + 1. Suppose -3*o + 4*z + 24 = 7*z, -3*z - 18 = -4*o. What is the units digit of c(o)?
3
Let z(l) = -3*l - 3. Suppose 5*n + 10 = 0, -2*j - 2*n - 2*n = 14. What is the units digit of z(j)?
6
Let a = -2 + 8. Suppose 3 = -w + a. What is the units digit of w?
3
Let z(k) = k**2 + 3*k - 1. What is the units digit of z(-5)?
9
Let n = -10 + 16. Let b(o) = -o**3 + 5*o**2 + 9*o - 8. What is the tens digit of b(n)?
1
Let z be 1*7 + 8 + -9. Suppose 5*x + 6 = z*x. Suppose 3*h - 12 = x. What is the units digit of h?
6
Let t(d) = d**2 - d - 3. Let c be t(5). Let l = 4 + c. Let o = l - 11. What is the tens digit of o?
1
Let i(f) = 3*f - 3. Suppose -4*q + 2*d - 2 = -5*q, -13 = -4*q - 3*d. What is the units digit of i(q)?
9
Let k(s) = 2*s**2 - 4*s - 9. Let g(n) = -n**2 + 3*n + 8. Let v(w) = -7*g(w) - 6*k(w). Let z be v(-3). What is the units digit of (-4)/12 + z/(-6)?
9
Let w(q) = -q**3 - 2*q**2 + q - 4. What is the units digit of w(-3)?
2
Let s = -13 - -27. Let i = s + -5. What is the units digit of i?
9
Suppose -4*q - 2*z + 88 = 0, -3*q = -q + 4*z - 56. What is the units digit of q?
0
Suppose 4*b = -5*q + 227, 3 = -4*b - 5. What is the tens digit of q?
4
Let t(s) = 3*s**2 + 4*s - 5. What is the tens digit of t(-6)?
7
Suppose -3*w + 98 = 3*a + 2*w, -a - 3*w + 30 = 0. Suppose -m + a = m. What is the tens digit of m?
1
Suppose 0 = -2*i + 5*n + 40, -2*n + 0*n = -3*i + 49. Suppose -5*o + 20 = -i. What is the units digit of o?
7
Let v be ((0 - 1) + 2)/(-1). Let x be (-3 + 3)/(1*v). Suppose x*r - 5 = -5*r. What is the units digit of r?
1
Suppose -4*z - 2*d = d - 52, 5*d + 36 = z. What is the tens digit of z?
1
Let v = -3 - -36. What is the units digit of v?
3
Let w = -7 - -12. Let r = 9 - w. What is the units digit of r?
4
Suppose 0 = 8*j - j - 553. What is the units digit of j?
9
What is the tens digit of 2*34*14/28?
3
Let a be 38/8 - (-2)/8. Let c = -3 + 6. Suppose 0 = c*k - 4*k + a. What is the units digit of k?
5
What is the units digit of (-42)/(-4) + -5 + (-78)/(-12)?
2
Suppose -2*l + 3*l - y + 6 = 0, -l + 10 = 3*y. What is the tens digit of (l/6)/(2/(-78))?
1
Suppose 4*y + 203 = 611. What is the hundreds digit of y?
1
Let h = -3 - -4. Let y be 64/8 + (-2)/h. What is the units digit of (-2 + -10)*(-4)/y?
8
What is the tens digit of (-63)/(7/(-1)) - 1*-3?
1
Let d = 0 + 2. Let f(a) = -4*a + 3. Let b be f(d). What is the units digit of 2/(-10) + (-31)/b?
6
Let d(s) = 0*s + 3*s**2 - 4*s**2 + 2 - 5*s. Let t be 24/(-5) + 3/(-15). What is the units digit of d(t)?
2
Suppose -8*y - 204 = -11*y. Let p(i) = -i**2 + 5*i + 8. Let a be p(6). Suppose 0 = a*b + 4*s - 22, -6*s = -5*b - 3*s + y. What is the units digit of b?
3
Suppose -28 - 236 = -3*d. What is the tens digit of d?
8
Suppose -3*m + 4*u = -7, -3*m + 0*u + 17 = -2*u. What is the units digit of m?
9
Let y(l) = -10*l**3 + 2*l + 1. Let i be (4/(-6))/(10/15). Let x be y(i). Suppose x + 23 = 4*v. What is the units digit of v?
8
Let l(j) = 2 - 8*j + j + 3. What is the tens digit of l(-4)?
3
Let r(f) = f**2 + 4*f + 10. What is the tens digit of r(-5)?
1
Let y(o) = -11*o**2 - 1. Let d b